{"id":32,"date":"2016-09-15T16:43:03","date_gmt":"2016-09-15T14:43:03","guid":{"rendered":"http:\/\/hsnetworks.de\/websites\/diakonie-neu\/?page_id=32"},"modified":"2025-01-29T10:18:08","modified_gmt":"2025-01-29T09:18:08","slug":"beratungsstelle-fuer-schwangerschaftskonflikte-familienplanung-und-sexualpaedagogik","status":"publish","type":"page","link":"https:\/\/diakoniewesel.de\/index.php\/beratungsstelle-fuer-schwangerschaftskonflikte-familienplanung-und-sexualpaedagogik\/","title":{"rendered":"Beratungsstelle f\u00fcr Schwangerschaftskonflikte, Familienplanung und Sexualp\u00e4dagogik"},"content":{"rendered":"<p><img loading=\"lazy\" decoding=\"async\" class=\"alignleft size-medium wp-image-108\" src=\"https:\/\/diakoniewesel.de\/wp-content\/uploads\/2016\/10\/keyvisual-schwako-300x200.jpg\" alt=\"keyvisual-schwako\" width=\"300\" height=\"200\" \/><\/p>\n<p>&nbsp;<\/p>\n<p>\u2022 Gruppenangebote (derzeit nicht verf\u00fcgbar)<\/p>\n<p>&nbsp;<\/p>\n<p>&nbsp;<\/p>\n<p>&nbsp;<\/p>\n<p>&nbsp;<\/p>\n<h2><span style=\"color: #800080;\">Wir haben Zeit f\u00fcr Sie,<\/span><\/h2>\n<ul>\n<li>wenn Sie schwanger sind und nicht wissen, wie es nun weitergehen soll<\/li>\n<li>wenn Sie \u00fcber einen Schwangerschaftsabbruch nachdenken<\/li>\n<li>wenn Sie sich physisch und \/ oder psychisch stark belastet oder \u00fcberfordert f\u00fchlen<\/li>\n<li>wenn Sie nicht wissen, wie Sie unter den neuen Umst\u00e4nden mit Ihrer beruflichen Situation umgehen k\u00f6nnen<\/li>\n<li>wenn Sie als Partner \/ Ehemann oder Familie ratlos sind und mit jemandem sprechen m\u00f6chten<\/li>\n<li>wenn Sie nach einem Schwangerschaftsabbruch ein Gespr\u00e4ch w\u00fcnschen<\/li>\n<\/ul>\n<h2><span style=\"color: #800080;\">Wir sind f\u00fcr Sie da,<\/span><\/h2>\n<ul>\n<li>um Sie in allen rechtlichen, sozialen oder finanziellen Fragen zu informieren, wie z. B. K\u00fcndigungsschutz, Wohngeld, Sozialhilfe, Erziehungsgeld, Zusch\u00fcsse aus der Bundesstiftung \u201cMutter und Kind\u201d<\/li>\n<li>um Sie bei der Bew\u00e4ltigung jetzt anstehender Alltagsprobleme zu unterst\u00fctzen, beispielsweise bei Partnerschaftskonflikten, Beschaffung von Schwangeren- oder Babyausstattung, den verschiedenen G\u00e4ngen zu \u00c4mtern usw.<\/li>\n<li>um Sie nach einer Entbindung zu beraten und zu begleiten und Kontakte zu Selbsthilfegruppen, Mutter-Kind-Einrichtungen u. a. herzustellen<\/li>\n<li>wenn Sie eine Beratung bei pr\u00e4nataler Diagnostik ben\u00f6tigen<\/li>\n<li>wenn Sie sich f\u00fcr eine vertrauliche Geburt entscheiden m\u00f6chten<\/li>\n<li>wenn Sie Begleitung und Beratung bei Fehl-und Todgeburt in Anspruch nehmen m\u00f6chten<\/li>\n<li>wenn Sie w\u00e4hrend und nach der Schwangerschaft Unterst\u00fctzung durch eine Hebamme ben\u00f6tigen (weitere Informationen erhalten Sie <a href=\"https:\/\/diakoniewesel.de\/wp-content\/uploads\/2016\/10\/Schwangerenkonfliktberatung\/Hebammen-Angebot.pdf\" target=\"_blank\" rel=\"noopener noreferrer\">hier<\/a>)<\/li>\n<li>um Ihnen pr\u00e4ventive Arbeit mit Jugendlichen anzubieten<\/li>\n<\/ul>\n<p>Rufen Sie uns an!<\/p>\n<h2><span style=\"color: #800080;\">Ihre Ansprechpartnerinnen sind<\/span><\/h2>\n<ul>\n<li>Frauke Bonn\u00a0&#8211; 0281 156-215<\/li>\n<li>Sylvia Baumeister- 0281 156-215<\/li>\n<li>Gaby Tjardes\u00a0&#8211; 0281 156-216<\/li>\n<li>Birgit Jeske und Janina Czech, Sekretariat &#8211; 0281 156-210<\/li>\n<\/ul>\n<h3><span style=\"color: #0000ff;\">F\u00fcr Terminabsprachen\u00a0sind wir f\u00fcr Sie erreichbar:<\/span><\/h3>\n<ul>\n<li><span style=\"color: #0000ff;\">montags bis donnerstags<\/span><br \/>\n<span style=\"color: #0000ff;\">09.00 &#8211; 12.00 Uhr<\/span><br \/>\n<span style=\"color: #0000ff;\">14.00 &#8211; 16.00 Uhr<\/span><\/li>\n<li><span style=\"color: #0000ff;\">freitags<\/span><br \/>\n<span style=\"color: #0000ff;\">09.00 &#8211; 12.00 Uhr<\/span><\/p>\n<p>Beratungsgespr\u00e4che finden selbstverst\u00e4ndlich auch au\u00dferhalb dieser Zeiten statt!<br \/>\nSie k\u00f6nnen aber auch gerne per <a href=\"mailto:%20info@diakonie-wesel.de\">E-Mail<\/a> Kontakt zu uns aufnehmen.<\/p>\n<\/li>\n<\/ul>\n<h2><span style=\"color: #0000ff;\">Das Diakonische Werk Wesel &#8230;<\/span><\/h2>\n<p>&#8230; als staatlich anerkannte Konfliktberatungsstelle f\u00fcr Schwangere ber\u00e4t und unterst\u00fctzt Sie auf Ihrem Weg zur eigenverantwortlichen Entscheidung und bei der Entwicklung neuer Lebensperspektiven.<\/p>\n<p>\u00dcber die erfolgte Beratung gem\u00e4\u00df \u00a7 219 Strafgesetzbuch und \u00a7\u00a7 5-7 des Schwangerschaftskonfliktgesetzes erhalten Sie auf Wunsch einen Beratungsnachweis. <strong>Sie k\u00f6nnen uns zus\u00e4tzlich in unseren Au\u00dfenstellen im Evangelischen Beratungszentrum in <a href=\"https:\/\/diakoniewesel.de\/index.php\/beratungszentrum-emmerich\/\" target=\"_blank\" rel=\"noopener noreferrer\">Emmerich<\/a> und im Evangelischen Gemeindezentrum Schermbeck, Kempkesstege 5, montags von 8.30 &#8211; 12.30 Uhr, erreichen.<\/strong><\/p>\n<p>Dieses Beratungsangebot wird durch den Kirchenkreis Wesel, das\u00a0Land Nordrhein-Westfalen, die Kreise Kleve und Wesel sowie die Stadt Wesel finanziell unterst\u00fctzt.<\/p>\n","protected":false},"excerpt":{"rendered":"<p>&nbsp; \u2022 Gruppenangebote (derzeit nicht verf\u00fcgbar) &nbsp; &nbsp; &nbsp; &nbsp; Wir haben Zeit f\u00fcr Sie, wenn Sie schwanger sind und nicht wissen, wie es nun weitergehen soll wenn Sie \u00fcber <a href=\"https:\/\/diakoniewesel.de\/index.php\/beratungsstelle-fuer-schwangerschaftskonflikte-familienplanung-und-sexualpaedagogik\/\" class=\"more-link\">[&hellip;]<\/a><\/p>\n","protected":false},"author":1,"featured_media":0,"parent":0,"menu_order":0,"comment_status":"closed","ping_status":"closed","template":"","meta":{"Layout":"","footnotes":""},"class_list":["entry","author-hsn-maser","post-32","page","type-page","status-publish"],"_links":{"self":[{"href":"https:\/\/diakoniewesel.de\/index.php\/wp-json\/wp\/v2\/pages\/32","targetHints":{"allow":["GET"]}}],"collection":[{"href":"https:\/\/diakoniewesel.de\/index.php\/wp-json\/wp\/v2\/pages"}],"about":[{"href":"https:\/\/diakoniewesel.de\/index.php\/wp-json\/wp\/v2\/types\/page"}],"author":[{"embeddable":true,"href":"https:\/\/diakoniewesel.de\/index.php\/wp-json\/wp\/v2\/users\/1"}],"replies":[{"embeddable":true,"href":"https:\/\/diakoniewesel.de\/index.php\/wp-json\/wp\/v2\/comments?post=32"}],"version-history":[{"count":39,"href":"https:\/\/diakoniewesel.de\/index.php\/wp-json\/wp\/v2\/pages\/32\/revisions"}],"predecessor-version":[{"id":1731,"href":"https:\/\/diakoniewesel.de\/index.php\/wp-json\/wp\/v2\/pages\/32\/revisions\/1731"}],"wp:attachment":[{"href":"https:\/\/diakoniewesel.de\/index.php\/wp-json\/wp\/v2\/media?parent=32"}],"curies":[{"name":"wp","href":"https:\/\/api.w.org\/{rel}","templated":true}]}}