{"id":94,"date":"2016-10-05T15:45:44","date_gmt":"2016-10-05T13:45:44","guid":{"rendered":"http:\/\/hsnetworks.de\/websites\/diakonie-neu\/?page_id=94"},"modified":"2025-08-26T12:19:18","modified_gmt":"2025-08-26T10:19:18","slug":"willkommen-beim-diakonischen-werk-des-kirchenkreises-wesel","status":"publish","type":"page","link":"https:\/\/diakoniewesel.de\/","title":{"rendered":"Willkommen beim Diakonischen Werk des Ev. Kirchenkreises Wesel"},"content":{"rendered":"<p><img loading=\"lazy\" decoding=\"async\" class=\"size-medium wp-image-105 alignright\" src=\"http:\/\/diakoniewesel.de\/wp-content\/uploads\/2016\/10\/keyvisual-Lutherhaus-big-300x300.jpg\" alt=\"keyvisual-lutherhaus-big\" width=\"300\" height=\"300\" srcset=\"https:\/\/diakoniewesel.de\/wp-content\/uploads\/2016\/10\/keyvisual-Lutherhaus-big-300x300.jpg 300w, https:\/\/diakoniewesel.de\/wp-content\/uploads\/2016\/10\/keyvisual-Lutherhaus-big-150x150.jpg 150w, https:\/\/diakoniewesel.de\/wp-content\/uploads\/2016\/10\/keyvisual-Lutherhaus-big.jpg 375w\" sizes=\"auto, (max-width: 300px) 100vw, 300px\" \/>Friedrichstra\u00dfe 3<br \/>\n46483 Wesel<\/p>\n<p>Tel\u00a0 0281\u00a0156 &#8211; 200<br \/>\nFax 0281\u00a0156 &#8211; 209<\/p>\n<p><span style=\"color: #0000ff;\"><strong>Das Diakonische Werk\u00a0<\/strong><\/span><br \/>\ndes Ev. Kirchenkreises Wesel ist als anerkannter Verband der freien Wohlfahrtspflege f\u00fcr alle sozialen Aufgaben im Kirchenkreis und in den dort zusammengeschlossenen evangelischen Kirchengemeinden zust\u00e4ndig. Es sind vor allem Aufgaben, die von den Gemeinden selbst nicht wahrgenommen werden. Das Diakonische Werk vertritt seine Anliegen und Arbeitsbereiche in regionalen und \u00fcberregionalen kirchlichen und sozialpolitischen Gremien sowie in der \u00d6ffentlichkeit.\u00a0<\/p>\n<p align=\"left\"><span style=\"color: #0000ff;\"><strong>Die Standorte:<\/strong><\/span><\/p>\n<p><span style=\"color: #000000;\"><strong>Wesel, Hauptsitz des Diakonischen Werkes des Ev. Kirchenkreises Wesel<\/strong><\/span><\/p>\n<p><span style=\"color: #000000;\"><em>Friedrichstra\u00dfe 3, 46483 Wesel\u00a0<\/em><\/span><\/p>\n<ul style=\"list-style-type: circle;\">\n<li><span style=\"color: #000000;\">Gesch\u00e4ftsf\u00fchrung<\/span><\/li>\n<li><span style=\"color: #000000;\">Stabstelle Offener Ganztag<\/span><\/li>\n<li><span style=\"color: #000000;\">Familienbildungsst\u00e4tte\u00a0<\/span><\/li>\n<li><span style=\"color: #000000;\">Betreuungsverein des Diakonischen Werkes des Ev. Kirchenkreises Wesel (Postanschrift: <em>Korbmacherstra\u00dfe 12-14, 46483 Wesel)<\/em><\/span><\/li>\n<\/ul>\n<p><span style=\"color: #000000;\"><em>Berliner-Tor-Platz 1a, 46483 Wesel<\/em><\/span><\/p>\n<ul style=\"list-style-type: circle;\">\n<li><span style=\"color: #000000;\">Ambulant begleitetes Wohnen<\/span><\/li>\n<li><span style=\"color: #000000;\">Ehe-, Lebens- und Familienberatungsstelle<\/span><\/li>\n<li><span style=\"color: #000000;\">Schwangeren- und Schwangerschaftskonfliktberatungsstelle<\/span><\/li>\n<li><span style=\"color: #000000;\">Spezialisierte Beratung bei sexualisierter Gewalt gegen\u00fcber Kindern und Jugendlichen<\/span><\/li>\n<li><span style=\"color: #000000;\">Referat Migration und Flucht<\/span><\/li>\n<li><span style=\"color: #000000;\">Schuldner- und Insolvenzberatung<\/span><\/li>\n<\/ul>\n<p><span style=\"color: #000000;\"><strong>Emmerich<\/strong><\/span><\/p>\n<p><span style=\"color: #000000;\"><em>Neuer Steinweg 12, 46446Emmerich am Rhein<\/em><\/span><\/p>\n<ul style=\"list-style-type: circle;\">\n<li><span style=\"color: #000000;\">Ehe-, Lebens- und Familienberatungsstelle<\/span><\/li>\n<li><span style=\"color: #000000;\">Schwangeren- und Schwangerschaftskonfliktberatungsstelle<\/span><\/li>\n<\/ul>\n<p><span style=\"color: #000000;\"><strong>Schermbeck<\/strong><\/span><\/p>\n<p><span style=\"color: #000000;\"><em>Schermbecker Gemeindezentrum, Kempkesstege 2, 46514 Schermbeck<\/em><\/span><\/p>\n<ul style=\"list-style-type: circle;\">\n<li><span style=\"color: #000000;\">Ehe-, Lebens- und Familienberatungsstelle<\/span><\/li>\n<li><span style=\"color: #000000;\">Spezialisierte Beratung bei sexualisierter Gewalt gegen\u00fcber Kindern und Jugendlichen<\/span><\/li>\n<\/ul>\n<p><span style=\"color: #000000;\"><strong>Hamminkeln<\/strong><\/span><\/p>\n<p><span style=\"color: #000000;\"><em>Rathaus der Stadt Hamminkeln, Br\u00fcner Str. 9, 46499 Hamminkeln<\/em><\/span><\/p>\n<ul style=\"list-style-type: circle;\">\n<li><span style=\"color: #000000;\">Referat Migration und Flucht<\/span><\/li>\n<\/ul>\n<p><span style=\"color: #000000;\"><strong>Die Sprechzeiten der einzelnen Fachteams entnehmen Sie bitte den jeweiligen Seiten! <\/strong><\/span><\/p>\n<p><strong>Grunds\u00e4tzlich:\u00a0Wir setzen uns daf\u00fcr ein, Barrieren jeder Art abzubauen und Zug\u00e4nge zu erm\u00f6glichen.<\/strong><br \/>\nZiel ist es, dass Sie bestm\u00f6glich an unseren Angeboten teilnehmen k\u00f6nnen. Leider k\u00f6nnen wir nicht f\u00fcr alle unsere Standorte Barrierefreiheit zusagen. Sie ben\u00f6tigen Unterst\u00fctzung, haben Assistenzbedarf oder Ihnen ist eine Barriere begegnet? Bitte melden Sie sich bei uns, damit wir Sie bestm\u00f6glich unterst\u00fctzen k\u00f6nnen und weitere Barrieren jeder Art abbauen k\u00f6nnen. \u00a0<br \/>\n<strong>Wir freuen uns auf Sie!<\/strong><\/p>\n<p><span style=\"color: #0000ff;\"><strong>Ihre Ansprechpartnerinnen<\/strong><\/span><\/p>\n<table class=\" alignleft\" style=\"height: 144px; width: 86.0877%; border-collapse: collapse;\">\n<tbody>\n<tr style=\"height: 24px;\">\n<td style=\"width: 33.5766%; height: 24px;\">\u00a0<\/td>\n<td style=\"width: 12.5202%; height: 24px;\">\u00a0 \u00a0\u00a0<\/td>\n<td style=\"width: 12.9608%; height: 24px;\">\u00a0<\/td>\n<td style=\"width: 42.3321%; height: 24px;\">\u00a0<\/td>\n<\/tr>\n<tr style=\"height: 24px;\">\n<td style=\"width: 33.5766%; height: 24px;\"><strong>Gesch\u00e4ftsf\u00fchrung und Psychosoziale Beratungsstelle<\/strong><\/td>\n<td style=\"width: 12.5202%; height: 24px;\">Kerstin Hohagen\u00a0<\/td>\n<td style=\"width: 12.9608%; height: 24px;\">0281- 156 201<\/td>\n<td style=\"width: 42.3321%; height: 24px;\"><a href=\"mailto:hohagen@diakonie-wesel.de\">hohagen@diakonie-wesel.de<\/a><\/td>\n<\/tr>\n<tr style=\"height: 24px;\">\n<td style=\"width: 33.5766%; height: 24px;\"><strong>Soziale Integration<\/strong><\/td>\n<td style=\"width: 12.5202%; height: 24px;\">Jasmin Schl\u00fcmer\u00a0 \u00a0 \u00a0 \u00a0 \u00a0<\/td>\n<td style=\"width: 12.9608%; height: 24px;\">0281- 156 233<\/td>\n<td style=\"width: 42.3321%; height: 24px;\">\u00a0<a href=\"mailto:schluemer@diakonie-wesel.de\">schluemer@diakonie-wesel.de<\/a><\/td>\n<\/tr>\n<tr style=\"height: 24px;\">\n<td style=\"width: 33.5766%; height: 24px;\"><strong>Familienbildungsst\u00e4tte\/ stellv. Gesch\u00e4ftsf\u00fchrung<\/strong><\/td>\n<td style=\"width: 12.5202%; height: 24px;\">Jana Hanitzsch-Hoer\u00a0 \u00a0<\/td>\n<td style=\"width: 12.9608%; height: 24px;\">\u00a00281-156 241<\/td>\n<td style=\"width: 42.3321%; height: 24px;\"><a href=\"mailto:hanitsch-hoer@diakonie-wesel.de\">hanitzsch-hoer@diakonie-wesel.de<\/a><\/td>\n<\/tr>\n<tr style=\"height: 24px;\">\n<td style=\"width: 33.5766%; height: 24px;\"><strong>Stabstelle Offener Ganztag<\/strong><\/td>\n<td style=\"width: 12.5202%; height: 24px;\">Helena Cyrener\u00a0 \u00a0 \u00a0 \u00a0 \u00a0 \u00a0 \u00a0<\/td>\n<td style=\"width: 12.9608%; height: 24px;\">0281-156 202<\/td>\n<td style=\"width: 42.3321%; height: 24px;\">\u00a0<a href=\"mailto:cyrener@diakonie-wesel.de\">cyrener@diakonie-wesel.de<\/a><\/td>\n<\/tr>\n<tr style=\"height: 24px;\">\n<td style=\"width: 33.5766%; height: 24px;\"><strong>Ambulant Betreutes Wohnen<\/strong><\/td>\n<td style=\"width: 12.5202%; height: 24px;\">Stefanie Gro\u00df\u00a0 \u00a0 \u00a0 \u00a0 \u00a0 \u00a0 \u00a0 \u00a0 \u00a0 \u00a0<\/td>\n<td style=\"width: 12.9608%; height: 24px;\">02064 \u2013 43 47 31<\/td>\n<td style=\"width: 42.3321%; height: 24px;\"><a href=\"mailto:gross@diakonie-wesel.de\">gross@diakonie-wesel.de<\/a><\/td>\n<\/tr>\n<\/tbody>\n<\/table>\n<p>&nbsp;<\/p>\n<p>&nbsp;<\/p>\n<p>&nbsp;<\/p>\n<p>&nbsp;<\/p>\n<p>&nbsp;<\/p>\n<p>&nbsp;<\/p>\n<p>&nbsp;<\/p>\n<p>&nbsp;<\/p>\n<p>&nbsp;<\/p>\n<p>&nbsp;<\/p>\n<p>&nbsp;<\/p>\n<p>&nbsp;<\/p>\n<p>&nbsp;<\/p>\n<p>&nbsp;<\/p>\n<p>&nbsp;<\/p>\n<p>&nbsp;<\/p>\n<p>&nbsp;<\/p>\n<p>&nbsp;<\/p>\n<p>&nbsp;<\/p>\n<p>&nbsp;<\/p>\n<p>Das Diakonische Werk des Ev. Kirchenkreises Wesel ist sich seinem Handeln und seiner Verantwortung gegen\u00fcber den ihm anvertrauten Menschen sehr bewusst. Unser Ziel ist es, jegliche Formen der sexuellen Grenzverletzungen und \u00dcbergriffe m\u00f6glichst zu verhindern. Aus diesem Grund hat das Diakonische Werk ein &#8222;Schutzkonzept Sexualisierte Gewalt&#8220; erarbeitet, das Sie <span style=\"color: #0000ff;\"><a style=\"color: #0000ff;\" href=\"https:\/\/diakoniewesel.de\/wp-content\/uploads\/2023\/12\/DW-Schutzkonzept_o-Anhang.pdf\">hier<\/a><\/span> im Detail nachlesen k\u00f6nnen.<\/p>\n<p>&nbsp;<\/p>\n<p>&nbsp;<\/p>\n","protected":false},"excerpt":{"rendered":"<p>Friedrichstra\u00dfe 3 46483 Wesel Tel\u00a0 0281\u00a0156 &#8211; 200 Fax 0281\u00a0156 &#8211; 209 Das Diakonische Werk\u00a0 des Ev. Kirchenkreises Wesel ist als anerkannter Verband der freien Wohlfahrtspflege f\u00fcr alle sozialen Aufgaben <a href=\"https:\/\/diakoniewesel.de\/\" class=\"more-link\">[&hellip;]<\/a><\/p>\n","protected":false},"author":2,"featured_media":0,"parent":0,"menu_order":0,"comment_status":"closed","ping_status":"closed","template":"","meta":{"Layout":"","footnotes":""},"class_list":["entry","author-hsn-master","post-94","page","type-page","status-publish"],"_links":{"self":[{"href":"https:\/\/diakoniewesel.de\/index.php\/wp-json\/wp\/v2\/pages\/94","targetHints":{"allow":["GET"]}}],"collection":[{"href":"https:\/\/diakoniewesel.de\/index.php\/wp-json\/wp\/v2\/pages"}],"about":[{"href":"https:\/\/diakoniewesel.de\/index.php\/wp-json\/wp\/v2\/types\/page"}],"author":[{"embeddable":true,"href":"https:\/\/diakoniewesel.de\/index.php\/wp-json\/wp\/v2\/users\/2"}],"replies":[{"embeddable":true,"href":"https:\/\/diakoniewesel.de\/index.php\/wp-json\/wp\/v2\/comments?post=94"}],"version-history":[{"count":64,"href":"https:\/\/diakoniewesel.de\/index.php\/wp-json\/wp\/v2\/pages\/94\/revisions"}],"predecessor-version":[{"id":1762,"href":"https:\/\/diakoniewesel.de\/index.php\/wp-json\/wp\/v2\/pages\/94\/revisions\/1762"}],"wp:attachment":[{"href":"https:\/\/diakoniewesel.de\/index.php\/wp-json\/wp\/v2\/media?parent=94"}],"curies":[{"name":"wp","href":"https:\/\/api.w.org\/{rel}","templated":true}]}}

<p><img loading="lazy" decoding="async" class="size-medium wp-image-105 alignright" src="http://diakoniewesel.de/wp-content/uploads/2016/10/keyvisual-Lutherhaus-big-300x300.jpg" alt="keyvisual-lutherhaus-big" width="300" height="300" srcset="https://diakoniewesel.de/wp-content/uploads/2016/10/keyvisual-Lutherhaus-big-300x300.jpg 300w, https://diakoniewesel.de/wp-content/uploads/2016/10/keyvisual-Lutherhaus-big-150x150.jpg 150w, https://diakoniewesel.de/wp-content/uploads/2016/10/keyvisual-Lutherhaus-big.jpg 375w" sizes="auto, (max-width: 300px) 100vw, 300px" />Friedrichstraße 3<br />
46483 Wesel</p>
<p>Tel  0281 156 &#8211; 200<br />
Fax 0281 156 &#8211; 209</p>
<p><span style="color: #0000ff;"><strong>Das Diakonische Werk </strong></span><br />
des Ev. Kirchenkreises Wesel ist als anerkannter Verband der freien Wohlfahrtspflege für alle sozialen Aufgaben im Kirchenkreis und in den dort zusammengeschlossenen evangelischen Kirchengemeinden zuständig. Es sind vor allem Aufgaben, die von den Gemeinden selbst nicht wahrgenommen werden. Das Diakonische Werk vertritt seine Anliegen und Arbeitsbereiche in regionalen und überregionalen kirchlichen und sozialpolitischen Gremien sowie in der Öffentlichkeit. </p>
<p align="left"><span style="color: #0000ff;"><strong>Die Standorte:</strong></span></p>
<p><span style="color: #000000;"><strong>Wesel, Hauptsitz des Diakonischen Werkes des Ev. Kirchenkreises Wesel</strong></span></p>
<p><span style="color: #000000;"><em>Friedrichstraße 3, 46483 Wesel </em></span></p>
<ul style="list-style-type: circle;">
<li><span style="color: #000000;">Geschäftsführung</span></li>
<li><span style="color: #000000;">Stabstelle Offener Ganztag</span></li>
<li><span style="color: #000000;">Familienbildungsstätte </span></li>
<li><span style="color: #000000;">Betreuungsverein des Diakonischen Werkes des Ev. Kirchenkreises Wesel (Postanschrift: <em>Korbmacherstraße 12-14, 46483 Wesel)</em></span></li>
</ul>
<p><span style="color: #000000;"><em>Berliner-Tor-Platz 1a, 46483 Wesel</em></span></p>
<ul style="list-style-type: circle;">
<li><span style="color: #000000;">Ambulant begleitetes Wohnen</span></li>
<li><span style="color: #000000;">Ehe-, Lebens- und Familienberatungsstelle</span></li>
<li><span style="color: #000000;">Schwangeren- und Schwangerschaftskonfliktberatungsstelle</span></li>
<li><span style="color: #000000;">Spezialisierte Beratung bei sexualisierter Gewalt gegenüber Kindern und Jugendlichen</span></li>
<li><span style="color: #000000;">Referat Migration und Flucht</span></li>
<li><span style="color: #000000;">Schuldner- und Insolvenzberatung</span></li>
</ul>
<p><span style="color: #000000;"><strong>Emmerich</strong></span></p>
<p><span style="color: #000000;"><em>Neuer Steinweg 12, 46446Emmerich am Rhein</em></span></p>
<ul style="list-style-type: circle;">
<li><span style="color: #000000;">Ehe-, Lebens- und Familienberatungsstelle</span></li>
<li><span style="color: #000000;">Schwangeren- und Schwangerschaftskonfliktberatungsstelle</span></li>
</ul>
<p><span style="color: #000000;"><strong>Schermbeck</strong></span></p>
<p><span style="color: #000000;"><em>Schermbecker Gemeindezentrum, Kempkesstege 2, 46514 Schermbeck</em></span></p>
<ul style="list-style-type: circle;">
<li><span style="color: #000000;">Ehe-, Lebens- und Familienberatungsstelle</span></li>
<li><span style="color: #000000;">Spezialisierte Beratung bei sexualisierter Gewalt gegenüber Kindern und Jugendlichen</span></li>
</ul>
<p><span style="color: #000000;"><strong>Hamminkeln</strong></span></p>
<p><span style="color: #000000;"><em>Rathaus der Stadt Hamminkeln, Brüner Str. 9, 46499 Hamminkeln</em></span></p>
<ul style="list-style-type: circle;">
<li><span style="color: #000000;">Referat Migration und Flucht</span></li>
</ul>
<p><span style="color: #000000;"><strong>Die Sprechzeiten der einzelnen Fachteams entnehmen Sie bitte den jeweiligen Seiten! </strong></span></p>
<p><strong>Grundsätzlich: Wir setzen uns dafür ein, Barrieren jeder Art abzubauen und Zugänge zu ermöglichen.</strong><br />
Ziel ist es, dass Sie bestmöglich an unseren Angeboten teilnehmen können. Leider können wir nicht für alle unsere Standorte Barrierefreiheit zusagen. Sie benötigen Unterstützung, haben Assistenzbedarf oder Ihnen ist eine Barriere begegnet? Bitte melden Sie sich bei uns, damit wir Sie bestmöglich unterstützen können und weitere Barrieren jeder Art abbauen können.  <br />
<strong>Wir freuen uns auf Sie!</strong></p>
<p><span style="color: #0000ff;"><strong>Ihre Ansprechpartnerinnen</strong></span></p>
<table class=" alignleft" style="height: 144px; width: 86.0877%; border-collapse: collapse;">
<tbody>
<tr style="height: 24px;">
<td style="width: 33.5766%; height: 24px;"> </td>
<td style="width: 12.5202%; height: 24px;">    </td>
<td style="width: 12.9608%; height: 24px;"> </td>
<td style="width: 42.3321%; height: 24px;"> </td>
</tr>
<tr style="height: 24px;">
<td style="width: 33.5766%; height: 24px;"><strong>Geschäftsführung und Psychosoziale Beratungsstelle</strong></td>
<td style="width: 12.5202%; height: 24px;">Kerstin Hohagen </td>
<td style="width: 12.9608%; height: 24px;">0281- 156 201</td>
<td style="width: 42.3321%; height: 24px;"><a href="mailto:hohagen@diakonie-wesel.de">hohagen@diakonie-wesel.de</a></td>
</tr>
<tr style="height: 24px;">
<td style="width: 33.5766%; height: 24px;"><strong>Soziale Integration</strong></td>
<td style="width: 12.5202%; height: 24px;">Jasmin Schlümer         </td>
<td style="width: 12.9608%; height: 24px;">0281- 156 233</td>
<td style="width: 42.3321%; height: 24px;"> <a href="mailto:schluemer@diakonie-wesel.de">schluemer@diakonie-wesel.de</a></td>
</tr>
<tr style="height: 24px;">
<td style="width: 33.5766%; height: 24px;"><strong>Familienbildungsstätte/ stellv. Geschäftsführung</strong></td>
<td style="width: 12.5202%; height: 24px;">Jana Hanitzsch-Hoer   </td>
<td style="width: 12.9608%; height: 24px;"> 0281-156 241</td>
<td style="width: 42.3321%; height: 24px;"><a href="mailto:hanitsch-hoer@diakonie-wesel.de">hanitzsch-hoer@diakonie-wesel.de</a></td>
</tr>
<tr style="height: 24px;">
<td style="width: 33.5766%; height: 24px;"><strong>Stabstelle Offener Ganztag</strong></td>
<td style="width: 12.5202%; height: 24px;">Helena Cyrener             </td>
<td style="width: 12.9608%; height: 24px;">0281-156 202</td>
<td style="width: 42.3321%; height: 24px;"> <a href="mailto:cyrener@diakonie-wesel.de">cyrener@diakonie-wesel.de</a></td>
</tr>
<tr style="height: 24px;">
<td style="width: 33.5766%; height: 24px;"><strong>Ambulant Betreutes Wohnen</strong></td>
<td style="width: 12.5202%; height: 24px;">Stefanie Groß                   </td>
<td style="width: 12.9608%; height: 24px;">02064 – 43 47 31</td>
<td style="width: 42.3321%; height: 24px;"><a href="mailto:gross@diakonie-wesel.de">gross@diakonie-wesel.de</a></td>
</tr>
</tbody>
</table>
<p>&nbsp;</p>
<p>&nbsp;</p>
<p>&nbsp;</p>
<p>&nbsp;</p>
<p>&nbsp;</p>
<p>&nbsp;</p>
<p>&nbsp;</p>
<p>&nbsp;</p>
<p>&nbsp;</p>
<p>&nbsp;</p>
<p>&nbsp;</p>
<p>&nbsp;</p>
<p>&nbsp;</p>
<p>&nbsp;</p>
<p>&nbsp;</p>
<p>&nbsp;</p>
<p>&nbsp;</p>
<p>&nbsp;</p>
<p>&nbsp;</p>
<p>&nbsp;</p>
<p>Das Diakonische Werk des Ev. Kirchenkreises Wesel ist sich seinem Handeln und seiner Verantwortung gegenüber den ihm anvertrauten Menschen sehr bewusst. Unser Ziel ist es, jegliche Formen der sexuellen Grenzverletzungen und Übergriffe möglichst zu verhindern. Aus diesem Grund hat das Diakonische Werk ein &#8222;Schutzkonzept Sexualisierte Gewalt&#8220; erarbeitet, das Sie <span style="color: #0000ff;"><a style="color: #0000ff;" href="https://diakoniewesel.de/wp-content/uploads/2023/12/DW-Schutzkonzept_o-Anhang.pdf">hier</a></span> im Detail nachlesen können.</p>
<p>&nbsp;</p>
<p>&nbsp;</p>

<p>Friedrichstraße 3 46483 Wesel Tel  0281 156 &#8211; 200 Fax 0281 156 &#8211; 209 Das Diakonische Werk  des Ev. Kirchenkreises Wesel ist als anerkannter Verband der freien Wohlfahrtspflege für alle sozialen Aufgaben <a href="https://diakoniewesel.de/" class="more-link">[&hellip;]</a></p>
